e 5*v - 49 + 14 = 0. What is the greatest common divisor of c and v?
7
Suppose c + 12 = 19. Suppose 0 = -2*i + 3 + 1, 50 = 4*f - 3*i. What is the greatest common factor of c and f?
7
Suppose -3*h + 6 = -3*i, -5*h + 0*i - 3*i = -42. What is the highest common divisor of 48 and h?
6
Suppose 3*c - 51 = -4*z, -4*z + 3*z - 16 = -5*c. Let q = 24 - z. Suppose -4*p = 86 - 386. What is the greatest common divisor of q and p?
15
Let v = 143 - 95. Calculate the greatest common divisor of 384 and v.
48
Let y(w) = -w**3 + 5*w**2 - 2*w - 3. Let g be y(3). Suppose -a + g = -0. Let h = -86 - -158. What is the highest common divisor of h and a?
9
Let a be ((-4)/(-10))/(2/20). Suppose -4*q = a*o - 52, 6*o - 36 = -2*q + 2*o. Let f be 2/8 + 62/q. Calculate the highest common divisor of 4 and f.
4
Suppose 0 = p + m - 13, 2*m - 11 = -p + 3*m. Let q = 59 + 73. What is the greatest common divisor of p and q?
12
Let o(d) = -d**3 + 11*d**2 + 14*d - 7. Let j be o(9). Let c = j - 155. Calculate the highest common factor of 14 and c.
14
Let a be -2 + 4 - 2 - -110. Calculate the greatest common divisor of a and 10.
10
Suppose -z - 3*h = 7, 1 = 5*z - 0*h + 3*h. Let p(s) = 3*s**2 - 1. Let o be p(1). What is the highest common divisor of o and z?
2
Let w = -90 + 153. Calculate the highest common divisor of w and 7.
7
Let b be (-162)/15 - 1/5. Let s be (-10 - b) + (60 - 1). Calculate the greatest common factor of s and 10.
10
Let h(f) = -22*f - 1. Let a be h(-1). Let i = a - 15. Let q = i - 2. What is the highest common divisor of q and 16?
4
Let l = 51 + -27. Let x be (0 + 428)/2 - -2. Calculate the greatest common divisor of x and l.
24
Suppose 118 = 2*s + 28. Calculate the greatest common factor of s and 9.
9
Let y(w) = -7*w - 16. Let b be y(-8). Calculate the greatest common divisor of 16 and b.
8
Suppose -6*j - 18 = -7*j. What is the greatest common factor of 6 and j?
6
Suppose 5*r = 4 + 6. Let c = 10 - 7. Let n be r/c + 118/3. What is the highest common factor of 10 and n?
10
Suppose k = -2*k + 69. Let y be (k/(-4))/((-3)/84). What is the highest common factor of 23 and y?
23
Suppose 16*g = 13*g + 15. Let z = -4 + 8. Suppose -p - z + 1 = 0, -5*p = -g*y + 40. Calculate the greatest common divisor of 15 and y.
5
Let j(c) = 12*c - 104. Let l be j(12). Calculate the greatest common factor of l and 16.
8
Let x = 54 - 33. Let d(u) = 3*u - 7. Let o be d(6). Suppose -5*s = 5*y + 1 - o, -5 = 5*y. Calculate the highest common factor of x and s.
3
Let k(b) = 3*b + 7. Let p be k(11). Let a = -7 + 12. What is the highest common divisor of p and a?
5
Suppose 3*j - 2 = 2*u + 7*j, 5*u + 4*j = 7. What is the highest common divisor of u and 15?
3
Suppose 5*k - 190 = 4*l - l, 5*l + 5*k = -330. Let u be 2/(-5) + (-2301)/l. What is the highest common factor of u and 5?
5
Let l(x) = -15*x**2 + 49*x - 36. Let r(k) = -4*k**2 + 12*k - 9. Let g(t) = 2*l(t) - 9*r(t). Let z be g(6). Calculate the highest common factor of z and 15.
15
Let j(k) = -k - 4. Let w be j(-6). Suppose -2*m + 0*m = -96. Suppose 0 = -2*q - q + m. Calculate the greatest common divisor of w and q.
2
Suppose 12*c - 60 = 6*c. Calculate the highest common factor of c and 30.
10
Let s = 1 - -10. What is the highest common divisor of 121 and s?
11
Let p(d) be the first derivative of d**3/3 - 9*d**2/2 - 2*d + 2. Let y be p(-6). What is the greatest common divisor of 11 and y?
11
Let s be (-5)/((-20)/12) - -15. What is the highest common factor of 12 and s?
6
Suppose 5*d - 4*d = -v + 2, 5*v - 37 = 4*d. Let p be 1/(d/(-45)) + 3. Calculate the greatest common divisor of p and 12.
6
Suppose 3*n = 5 + 7. Suppose -n*l - q = -164, -4*l + 3*l = 2*q - 48. Calculate the greatest common factor of 10 and l.
10
Suppose 82 + 53 = 5*i. What is the highest common divisor of 18 and i?
9
Suppose -4*c = -4*b - 524, -c = -3*b + 8*b - 137. What is the highest common factor of c and 12?
12
Let l = -11 - -39. Calculate the greatest common divisor of 70 and l.
14
Let s be 3 - ((0 - -3) + -8). Calculate the greatest common divisor of 56 and s.
8
Suppose y = i + 252, -5*y + 4*i + 1717 - 457 = 0. What is the greatest common divisor of 28 and y?
28
Let h = 112 + -66. What is the greatest common divisor of 506 and h?
46
Suppose 14*h - 8*h - 120 = 0. What is the highest common divisor of h and 2?
2
Suppose 5*h = h + 88. Let s = 73 - -81. Calculate the greatest common factor of h and s.
22
Let a(i) = 7*i**2 + 1. Let j be a(2). What is the highest common divisor of j and 1?
1
Let o be (-70)/(-4) - (-3)/6. What is the highest common divisor of 12 and o?
6
Let p(d) = d**2 + 3. Let r be p(0). Suppose 2*s + 2*v = -42, 0 = s - 2*v + 6 + 6. Let i = 39 + s. What is the greatest common divisor of i and r?
3
Let b(l) = -l**3 + l - 1. Let p(n) = 6*n**3 + n**2 - 14*n - 1. Let u(o) = -5*b(o) - p(o). Let j be u(-4). Calculate the greatest common factor of j and 198.
18
Suppose 4*h - 28 = -0*h. Let v(t) = -t**2 + 4*t + 2. Let w be v(4). Let b = 3 - w. What is the greatest common divisor of h and b?
1
Let p = 51 + -47. Suppose -2*t + 10 = t - r, -4*t + 8 = -4*r. What is the greatest common divisor of p and t?
4
Suppose 0*f - 3*f = -579. Suppose 2*n - f = -4*a + 25, -5*a + 280 = 4*n. Let j be 93/7 - (-4)/(-14). What is the highest common divisor of j and a?
13
Let d(a) = -a + 12. Let b be d(7). Suppose 27 = 3*x - 3*o, -x + b*o = 3*x - 39. Let q = -1 - -3. What is the highest common divisor of q and x?
2
Suppose 10 = -2*a - 3*a. Let x = -1 - a. Calculate the greatest common factor of 6 and x.
1
Let z be (-9)/21 + (-157)/(-7). What is the greatest common divisor of z and 11?
11
Let l = -15 + 33. Let f = 164 + -119. What is the greatest common factor of l and f?
9
Let u be 4/5*15/(-3). Let v be (-142)/(-9) - u/18. What is the greatest common factor of 144 and v?
16
Let s = -28 - -68. Calculate the highest common factor of s and 16.
8
Let k(f) = -2*f - 8. Let a be k(-6). Let y be -2 + 5 - (-10)/2. What is the highest common divisor of y and a?
4
Let s = -116 + 35. Let z(b) = -115*b**3 - b. Let v be z(-1). Let y = s + v. Calculate the greatest common factor of 5 and y.
5
Let r(o) = -3*o**3 - 2*o**2 - o. Let m be r(-2). What is the highest common divisor of m and 90?
18
Let n be -1 + (3 - 1 - -34). Suppose n - 3 = 3*c - 5*a, 4*c + 4*a = 0. Let j be -8 + 15 - (2 - 0) - -3. What is the highest common factor of c and j?
4
Suppose -4*k = 3*z - 77, 6*z - 3*z + k - 89 = 0. Calculate the greatest common divisor of 341 and z.
31
Let x(y) = -y**2 - 7*y + 2. Let m(q) = -q + 9. Let g be m(8). Let z be (2/g)/(6/(-15)). Let j be x(z). What is the highest common divisor of j and 4?
4
Let f(q) = -q**3 + 7*q**2 - 9*q - 1. Let y be f(4). Suppose 2*n = -4*d + 402, 5*d - 3*n - 1 = 485. Calculate the highest common factor of d and y.
11
Let k(h) = 55*h**3. Let l be k(-1). Let d be (-560)/l - (-2)/(-11). Calculate the highest common factor of d and 70.
10
Suppose o + 0*o - 2 = 0. What is the highest common factor of o and 3?
1
Suppose -4*s + o + 435 = -2*o, 2*o + 218 = 2*s. Suppose -6*a + 2*a = -s. Calculate the greatest common factor of 18 and a.
9
Let i = 3 + -5. Let j be (20/14)/(i/(-14)). What is the greatest common factor of 70 and j?
10
Suppose d - 3*x + 19 = -8*x, 3*x + 15 = 0. Let v = d - 4. Suppose -275 = -3*i - v*i. Calculate the greatest common factor of i and 22.
11
Suppose 0 = 8*w - 6*w - 220. Calculate the greatest common divisor of w and 10.
10
Suppose 0 = -3*w + 4*a + 35, 30 = w - 2*a - 3*a. What is the greatest common divisor of w and 45?
5
Suppose -16 = -5*y + 3*t, 21 = 5*y + 4*t - 16. Calculate the greatest common factor of y and 20.
5
Suppose -4*u + 20 = -0*u. Suppose 5*m = u*s + 115, -2*m + 51 = -5*s + 2. Let x = 26 + -15. What is the greatest common divisor of x and m?
11
Suppose 0 = 2*r - 31 - 159. Suppose 23 - r = -6*y. What is the highest common divisor of 60 and y?
12
Suppose 2*j + 25 = 7*j. Suppose -5*f - 125 = -6*f. Suppose -6*s + s + f = 0. What is the highest common divisor of j and s?
5
Suppose 4*k = -k + 20. What is the greatest common factor of k and 4?
4
Suppose 9*t = 7*t + 30. Calculate the greatest common factor of 165 and t.
15
Suppose 1 + 3 = i. Suppose i*d = 16 + 12. Calculate the greatest common divisor of d and 35.
7
Let o(y) = 3*y**2 - 3*y. Let z = -2 + 7. Supp